g be (-5)/(5/12) - -1. Let y = 33 + g. Suppose b - y = 271. Is b composite?
False
Suppose t - 11252 = s, -22507 = -2*t - 0*t + s. Is t a composite number?
True
Suppose -13*c = -9*c - 24. Let p(w) = w**2 - 7*w + 2. Let h be p(c). Is 2/h - (-766)/4 a prime number?
True
Let w(y) = 3*y + 7. Let m be w(-6). Let v = -6 - m. Suppose -423 = -v*q + 2*q. Is q composite?
True
Let m(o) be the second derivative of 5*o**4/6 - o**3/6 + o**2/2 + 94*o. Let w be 10/(-55) - 46/(-11). Is m(w) composite?
False
Suppose 7*s - 70954 = 121609. Is s a composite number?
False
Suppose 2*f - 249 = f. Is f/1 - 0/(-9) prime?
False
Is 1437/(0 + 9/15) prime?
False
Suppose 0 = -3*y + 3*n + 60, 0*n = 5*n - 20. Let u = 24 - y. Is (-6 - -4) + 168 + u prime?
False
Let k(y) = 6275*y - 293. Is k(6) a composite number?
False
Let x be (-4)/(-34) - 4235/17. Let t = -154 - x. Is t composite?
True
Suppose -j - j = -5*a, 0 = -4*j - 5*a. Suppose 0 = 5*i - j*i. Suppose 9*w - 4*w - 475 = i. Is w composite?
True
Let b(p) = -3*p**3 + 2*p**2 + 3*p - 2. Let y be b(2). Let w be 133/42 - (-2)/y. Suppose -2*f + 294 = -h - w*h, -h = -5*f + 744. Is f a prime number?
True
Suppose 52059 = 50*v - 5491. Is v prime?
True
Suppose 5*s - 15 = -3*h, 0*h - 25 = -s - 5*h. Suppose s = 2*c - 3 - 13. Suppose 971 = c*o + 355. Is o a composite number?
True
Let h(n) = -136*n + 9. Let f(w) = -1. Let y(v) = 2*f(v) - h(v). Is y(5) a prime number?
False
Suppose a = 3*p - 58737, 22*p = 19*p - a + 58737. Is p a prime number?
False
Let i(a) be the second derivative of 0 + 0*a**3 - 5/2*a**2 + 1/12*a**4 + 2*a. Is i(6) composite?
False
Let z(l) = 10266*l + 569. Is z(5) composite?
False
Let v = -23 + 23. Suppose -6084 = -2*s + 2*u, -3*s - 2*s - 3*u + 15170 = v. Is s a composite number?
False
Is (3/(-12)*-4)/(15/91095) a composite number?
False
Let p = 389521 + -575265. Is p/(-272) + (-4)/(-34) prime?
True
Let f be 6867/36 - 3/4. Let h be (-1*1)/(5/(-135)). Suppose -y + f = h. Is y a composite number?
False
Let n be (-4 + 1 - -2)/(-3)*12. Suppose n*g = 5661 + 103. Is g a composite number?
True
Suppose 5*d = -4*f + 9479, -3*f + 2*d + 3387 = -3728. Is f a composite number?
False
Suppose 3*c - 24 = -0*c. Let k be 2/8 + 3518/c. Suppose d - 95 = -2*z + 4, z + k = 5*d. Is d composite?
False
Let z be (-2)/(-16)*-2 - 272/(-64). Is (-5134)/(-5) + z/20 a composite number?
True
Let j(k) = 116*k**2 - 7*k - 31. Is j(-7) composite?
True
Suppose 2*p - 2*p = 4*p. Suppose -68*r + 72*r - 47404 = p. Is r a composite number?
True
Let v(s) = -9*s**3 - 7*s**2 + 17*s + 7. Let a(h) = 5*h**3 + 3*h**2 - 8*h - 3. Let c(t) = 7*a(t) + 4*v(t). Let w be c(-11). Let b = w - 236. Is b composite?
True
Suppose 3*a + 7 = 1. Let k be -5 - a - -3 - -57. Suppose 3*y = 6*y - k. Is y prime?
True
Let q be ((-9)/(-6))/(9/(-3516)). Let n be q/(-12) - (-4)/24. Let u = 78 + n. Is u prime?
True
Let y(q) = 90*q**2 - 27*q - 226. Is y(-35) prime?
True
Let l = 2899 + 3912. Let z = -3772 + l. Is z a composite number?
True
Let g = 29 + -14. Suppose 0 = 5*h + 3*n + 160, 3*h - g + 111 = 2*n. Is h/(-8)*631/4 prime?
True
Suppose -2*w - 8 = -2*z, -8*w - 4*z = -13*w - 17. Is 7/4 + w + 5074/8 composite?
True
Let k(d) = d**3 + 5*d**2 + 3*d - 4. Let a be k(-3). Suppose 0 = 3*o - a*o + 10. Suppose -o*l + 5 = r, -4*l = 4*r - 3*r - 9. Is r prime?
False
Is 34/17 + 4 + 0 + 42499 composite?
True
Let p = -362 - -548. Let u = -130 + p. Suppose -k - 42 = -l + 3*k, 0 = 3*l + 2*k - u. Is l composite?
True
Let r = -7445 + 5160. Is 120/(-100)*r/2 prime?
False
Let y(q) be the first derivative of 93*q**2/2 - 17*q - 1. Let t be 20/(-170) - (-208)/34. Is y(t) prime?
True
Suppose -p - 2*p = 5*j - 140998, -4*j + 112801 = 5*p. Is j a prime number?
False
Suppose 4*l - 10*l = 4*l. Suppose l = -4*i - 0*i + 2524. Is i composite?
False
Suppose 2564 = 5*g - 9*g. Let h = 2440 + g. Is h a prime number?
False
Suppose 7*g - 10045 = -1680. Is g prime?
False
Let k be 6/3 - (-3 - -1)*-1. Suppose k = -5*o - 4*b + 3689, 5*o - b = 453 + 3231. Is o prime?
False
Let x = -28103 + 46912. Is x prime?
False
Let y be ((-8)/20)/((-6)/165). Let j(s) = s**3 - 2*s**2 + 25*s + 17. Is j(y) composite?
False
Suppose 3*g + 8 = 2*o, -7 = 5*g - o + 4*o. Is g/3 - (-12533)/3 composite?
False
Let z(g) = -g**2 - 19*g + 18599. Is z(0) prime?
False
Let k be ((-305)/(-20))/((-5)/40). Let s = 249 + k. Is s prime?
True
Let b = 32 - 57. Let s = 4 - b. Let q = s - -18. Is q prime?
True
Suppose 2*m = -2*r + 18, 4*m = 6*r - r - 9. Suppose 0 = r*o - 9*o + 316. Is o a composite number?
False
Let i = -230 - -107. Let r = -61 - i. Is r prime?
False
Let g = 25 - 12. Let a = 17 - g. Let x(c) = 122*c - 1. Is x(a) prime?
True
Suppose -s + 51 = -0*s. Suppose -s*x + 1371 = -48*x. Is x prime?
True
Is 6/8 + 245526*(-19)/(-456) a prime number?
False
Let h be 18/24 - 49/(-4). Suppose -340 = 9*l - h*l. Suppose j + l = 2*j. Is j composite?
True
Is (-191)/(116/(-23) - -5) a prime number?
False
Let x be 60/18 - 6/(-9). Suppose x*c - 1448 = 1692. Is c a composite number?
True
Let p(a) = -3*a + 46. Let j be p(14). Suppose -y - j = -5*y, 806 = q - y. Is q a composite number?
True
Let u(l) = -526*l + 3. Let y(v) = -1. Let n(r) = -2*u(r) - 6*y(r). Let p be n(1). Suppose 2*a + 0*a = 0, -4*x - 2*a + p = 0. Is x a prime number?
True
Let w(f) = f**3 - 24*f**2 + 7*f - 51. Let z be w(24). Let u = 224 + z. Is u prime?
False
Suppose 4*b = -b - 5. Let o be ((-70)/(-56))/(b/(-156)). Let t = -130 + o. Is t a prime number?
False
Let c(v) = -v + 12. Let k be c(10). Suppose -8*a + k*a + 12 = 0. Is 1264/(-24)*(-9)/a a prime number?
False
Suppose -8*q + 282 = 2*s - 12*q, 5*s = 4*q + 699. Is s composite?
False
Let s(g) be the third derivative of g**5/60 + g**4/8 - 4*g**3/3 + 12*g**2. Is s(6) composite?
True
Suppose 3*r = -2*y + 2326, -9*y + 2*r - 3489 = -12*y. Is y a composite number?
False
Suppose -4*h + 4183 + 3097 = 0. Let s be 2 + (-3*1)/(-1). Suppose -4*f = 6*l - 2*l - h, -s*l = -2*f - 2247. Is l composite?
True
Let o(d) = -d. Let c be o(-2). Let g(f) = 43*f - 1. Let i be g(c). Let s = -36 + i. Is s a prime number?
False
Is (1304502/171)/(8/(-3))*-4 prime?
True
Let k = -23952 - -41621. Is k a composite number?
False
Let l = 27892 - 13047. Is l a composite number?
True
Let h(o) be the first derivative of o**5/10 - 3*o**4/4 + 4*o**3/3 - 7*o**2/2 + 3*o - 7. Let g(d) be the first derivative of h(d). Is g(6) composite?
False
Let f = 7 + -5. Suppose f*y = 0, 0 = -5*n + n + y - 696. Let a = -61 - n. Is a a composite number?
False
Let b = 16 - 11. Let t = -211 - -613. Suppose 3*n = b*n - t. Is n a prime number?
False
Let d be (1 + 0)*2 + 1101. Suppose -d - 607 = 2*y. Let w = 1690 + y. Is w prime?
False
Suppose 3*w - 8*w + 27471 = 4*n, n = -1. Suppose 5*p = 5*t + w, -t - 2257 - 1040 = -3*p. Is p prime?
False
Suppose 0 = t - 5*f - 77, 0 = 2*t + 3*f - 128. Let x = t - -96. Is x a prime number?
True
Let v be ((-88)/6)/(44/2970). Let w = -433 - v. Is w a composite number?
False
Suppose 5*s - 317 = -2*u, -5*s + u = -0*s - 329. Let y = -93 + 213. Let k = y - s. Is k a composite number?
True
Let j be 2 + -10*(-10)/4. Let g = 8 + -5. Suppose g*h - j = 138. Is h prime?
False
Let o(u) = 3638*u - 19. Is o(18) a prime number?
False
Let w = -26 + 53. Suppose -3*y - w = -6*y. Is (462/y)/(8/12) composite?
True
Let y be (2 + -1 + -1 - -1)*623. Suppose 0*t - y = -t. Is t a prime number?
False
Let a(r) be the second derivative of 11*r**5/20 - 7*r**4/12 - r**3/6 + 6*r**2 - 10*r. Is a(5) composite?
True
Let j(h) = -4*h**3 - 2*h**2 - h + 2. Let w be j(2). Is (134/(-5))/((-4)/w*-4) prime?
True
Suppose 4*x = 5*n - 5831, -4*x + 1537 = -4*n + 6205. Is n prime?
True
Let v(a) be the third derivative of 7*a**5/60 + 7*a**4/4 + 2*a**3 + 26*a**2. Is v(-13) prime?
False
Suppose 22*r + 36 = 10*r. Is r/(-21) + (-86550)/(-35) prime?
True
Suppose u - 119 = 213. Let g = 108 - 279. Let q = g + u. Is q a composite number?
True
Suppose 3 = 3*o - 3. Suppose -4*y = h - 343, -h - y - o*y = -344. Is h prime?
True
Let x(b) = 4*b + 4. Let c be x(-12). Let z = 171 + c. Is z a prime number?
True
Let j(r) be the second derivative of 5*r**4/4 - 2*r**3 - 2*r**2 + 19*r. Is j(-5) prime?
True
Let l = -247 - -469. Let i = 407 - l. Is i composite?
True
Let p(o) = 115*o**3 + 3*o**2 + 14. Let g(b) = 77*b**3 + 2*b**2 + 9. Let t(u) = 8*g(u) - 5*p(u). S